*u. Suppose -4*r + 3*z + 51 = 0, 0*r = r - 3*z - 24. Let a = 10 - r. What is the units digit of h(a)?
7
Suppose -5*b + 23 + 12 = 0. What is the tens digit of (11 - b) + (-146)/(-2)?
7
Suppose 2*k = 5*s - 7073, 2822 = 2*s + 25*k - 24*k. What is the tens digit of s?
1
Suppose 2*q - 5*q = -6. Suppose q*k + 26 = l, -3*l + 3*k + 97 = 10. What is the tens digit of l?
3
Suppose -l = -2*g - 2*l + 3, 0 = -5*g + 4*l + 27. Let x = -6 - g. Let a(d) = -d + 11. What is the tens digit of a(x)?
2
Suppose -913 = -4*i + 3*n, -4*n - 114 = -i + 98. Suppose -7*b = -11*b + i. What is the tens digit of b?
5
Suppose 5*y = 15 + 5. Suppose -y*l = 31 - 207. Suppose -3*a = a - l. What is the units digit of a?
1
Let s = 8 - 6. Suppose -q - s*q + 9 = 0. Suppose 2*j = 3*r + 155, -2*j - q*r - r = -134. What is the tens digit of j?
7
Let l(o) = -o**3 + 11*o**2 + 11*o + 1. Let j be l(12). Let n(y) = -y**3 - 10*y**2 + 6*y + 11. What is the units digit of n(j)?
6
Let c = -333 - -1323. Suppose 2*i + c = -2978. What is the tens digit of i/(-56) + (-6)/14?
3
Suppose 6 = 6*o - 3*o. Suppose -133 + 13 = -o*w. What is the units digit of w?
0
Suppose 334 = -3*s + 1312. What is the units digit of ((28/(-8) + 3)*s)/(-1)?
3
Let r = 1 - -1. Let q(j) = 32*j**2 - 1 - 9*j**2 + r. What is the units digit of q(1)?
4
Suppose -4*h + 1657 = -27. What is the units digit of h?
1
Let c be (10/(-4) + 11/22)*10. What is the units digit of (-3)/(15/c) + 79?
3
Suppose -p + 38 = -15. What is the units digit of p?
3
Suppose s - 4*b = 217, 2*s + 3*s - 1051 = 3*b. Suppose -4*f + 2*t - t + s = 0, 0 = -4*f - 5*t + 179. What is the tens digit of f?
5
Let j = -947 - -1665. What is the hundreds digit of j?
7
Suppose 0 = 75*r - 66*r - 2682. What is the hundreds digit of r?
2
Let o = 399 + -187. What is the units digit of o?
2
Suppose -19*p + 29842 = -14922. What is the tens digit of p?
5
Let o = -14 - -19. Suppose -3*f = -5*x + 510, o*x + 0*x - 4*f = 505. What is the tens digit of x?
0
Let z(f) = 2*f**2 - 66*f + 74. What is the thousands digit of z(59)?
3
Let b be 6/4 + 760/(-16). Let j(t) = 2*t - 76. Let o be j(0). Let w = b - o. What is the tens digit of w?
3
Let n = -35 + 39. What is the units digit of (6/n - 1)*194/1?
7
Let w(x) = 4*x**2 - 3*x + 5. Suppose 3*r + 7 - 16 = 0. Let p be w(r). Suppose 2*i = 2*h - 5*h + p, 0 = 2*i - 5*h - 16. What is the tens digit of i?
1
Suppose u - 59 = 3*z + 1404, 4*u - 4*z = 5876. What is the units digit of u?
2
Suppose -3*n = 5 + 10. Let w(f) = -41*f + 15. Let c be w(n). Suppose a = 6*a - c. What is the units digit of a?
4
Let p(m) = -3*m + 13. Let r be p(0). Let w(g) = g**2 - 6*g + 3. What is the tens digit of w(r)?
9
Let h(x) = 9*x**2 + 3*x - 51. What is the tens digit of h(8)?
4
Suppose 0 = 3*o - 6*o + 3*p + 1185, 3*o = -4*p + 1206. What is the units digit of o?
8
Suppose -5*s + 3435 = 2*h + 3, -2*s + 1364 = 3*h. What is the units digit of s?
8
Let i = 5260 - 2915. What is the hundreds digit of i?
3
Suppose 14*g - 77 = -7. Suppose g*w - i + 18 = 104, 5*i = 3*w - 34. What is the tens digit of w?
1
Let f(a) be the third derivative of -8*a**6/15 + a**2. Let b be f(-1). Suppose 0 = -4*w + b + 48. What is the units digit of w?
8
Suppose -7*i - 10 = -5*i. Let p = i + -7. Let x = 25 + p. What is the units digit of x?
3
Let z(q) = q**3 + 8*q**2 - 2*q - 6. Let f be z(-7). Suppose 0*c = 3*y + c - 40, -f = -4*y - 5*c. What is the units digit of y?
3
Suppose 0 = -7*z + 5*u + 12905, -z + 1843 = -5*u + 4*u. What is the hundreds digit of z?
8
Let v(d) = -d**3 - 10*d**2 - 5*d + 18. Let m be v(-6). Let g(a) = a**3 + 7*a**2 + 8*a - 3. Let c be g(-7). Let o = c - m. What is the units digit of o?
7
Suppose 5384 = -34*y + 37*y + t, 4*y + 2*t - 7178 = 0. What is the hundreds digit of y?
7
Suppose 2*w - 379 = -5*d, -w - 2*w + 556 = -5*d. What is the units digit of w?
7
Let x(a) be the third derivative of -a**5/60 - a**4/2 + 7*a**3/6 + 76*a**2. Suppose -2*l - 9 = -l. What is the tens digit of x(l)?
3
Let c = -69 + 24. Let p = c - -5. What is the tens digit of ((-15)/(-4))/((-10)/p)?
1
Suppose 5*f - 2*f = -4*z + 178, 5*z - 4*f = 207. Let p = z - 24. What is the units digit of p?
9
Let r be 9/(2*(-12)/16). Let m be r/4*(-64)/6. Let q = m - -4. What is the units digit of q?
0
Let a = 605 - 95. Suppose 0 = 5*j - 2*j - a. What is the hundreds digit of j?
1
Let x = -17 - -20. Let d(n) = 14*n - 4. Let z be d(x). Suppose 2*b + 6 = z. What is the units digit of b?
6
Suppose -r + 45 = -4*r. Let h = r + 24. Suppose 4*c - l = 5*c - h, 25 = -5*l. What is the units digit of c?
4
Let d = 6 - 4. Suppose -5*f = t - 15, 0 = d*t + 2*f + 2*f - 12. Suppose 2*r - 2 - 14 = t. What is the units digit of r?
8
What is the tens digit of 17/((-255)/18)*(-2 + -793)?
5
Let g = -11 - -6. Let o = 117 + -116. What is the units digit of o/g + (-468)/(-15)?
1
Let k(d) = 102*d - 18. What is the tens digit of k(3)?
8
Suppose 11*n = 7*n + 28. Suppose 10*f - 15 = n*f. Suppose f*u + 135 = 350. What is the units digit of u?
3
Let j(y) = 4*y + 3. Let a be j(6). Suppose -t - 3 = 0, -6*z + t - a = -z. What is the tens digit of (-4)/z - (-340)/12?
2
Let i = 1389 - 667. What is the hundreds digit of i?
7
Suppose 3*k + 0*k = 33. Suppose 3*g - 3 = 3, 5*g - k = s. What is the units digit of (0 + -4)/(-2) + s?
1
Suppose 0 = 6*s - s - 310. What is the tens digit of 2 + (s - 2/(-2))?
6
Let z(l) = 8*l**2 + 1 + 2*l + l**3 + 0 - 1. Let i be z(-7). Let u = i + -21. What is the tens digit of u?
1
Let t(x) = -x + 16. Let n be t(12). Let k be (n/8)/(2/36). Let l(r) = 3*r - 1. What is the tens digit of l(k)?
2
Let m = 40 - 20. Let n = -17 + m. Suppose -9 = -n*z, p + z - 2 = 10. What is the units digit of p?
9
Let h be (2 - -2)/((-2)/(-5)). Suppose -3*i - h = 2. What is the units digit of (-3 + 5)*-1 - i?
2
Suppose -2*i + 132 + 430 = 0. What is the units digit of i?
1
Let c(k) = -3*k - 26. Let w be c(17). Let v be 244/2 - (-2)/1. Let z = v + w. What is the tens digit of z?
4
Suppose 256*l + 366 = 257*l. What is the tens digit of l?
6
Let g = 1616 - 1081. What is the hundreds digit of g?
5
Suppose 0 = 2*m - 2*x - 281 - 309, m = -3*x + 279. What is the units digit of m?
1
Let i be 5*3*8/40. Suppose i*w = 8*w - 240. What is the tens digit of w?
4
Let s = 23 - -20. Let p = 77 - s. What is the units digit of p?
4
Suppose 0 = -4*v - v + 125. Suppose -3*r + v = 2*r + 5*b, -5*b + 25 = -2*r. Suppose r = -0*n - 2*n - 8, 3*n - 3 = -5*j. What is the units digit of j?
3
Let y = 129 - -342. What is the units digit of y?
1
Let h = -2548 + 4570. What is the units digit of h?
2
Let y be 17 + 0 + (-4)/(-1). Let t = -9 + y. What is the tens digit of t?
1
Let a = 34 - 12. Let p = a - 7. What is the units digit of (-3)/(-1)*185/p?
7
Suppose 2*z = 61 - 345. Let n = z + 321. What is the tens digit of n?
7
Let k(p) = -6*p - 11. Suppose 8*v - 26 = 10*v. What is the tens digit of k(v)?
6
Suppose -9 = -2*v - 3*t, -2*t + 11 = 4*v - 11. Let k = -2 + v. Suppose 0 = -0*q - 2*q + k*f + 56, q = -4*f + 4. What is the tens digit of q?
2
Let c = -2103 + 3592. What is the units digit of c?
9
Suppose 2*h = -5*v + 1535, -5*v - 543 = 3*h - 2078. Let g = v + -20. What is the hundreds digit of g?
2
Let d(f) = -f**3 + 9*f**2 - 4*f - 10. Let u be 66/(-12) - 6/4. Let w = 14 + u. What is the tens digit of d(w)?
6
What is the units digit of 4026 - (-10)/(30/33)?
7
Let l = 140 + -47. Suppose -a + l = -2*o, -4*a + 4*o = -3*a - 89. What is the tens digit of a?
9
Let h be (-1391)/(-91) + (-2)/7. What is the tens digit of (-726)/(-4) + h/30?
8
Suppose -5*d + 4*r - 52 = 0, 0 = -4*d + r - 31 - 4. What is the units digit of (((-206)/d)/(-1))/(10/(-40))?
3
Let l = 339 - 222. What is the hundreds digit of l?
1
Let h = -1819 + 2683. What is the tens digit of h?
6
Suppose -25669 = 206*m - 213*m. What is the hundreds digit of m?
6
Let g be ((-2)/2)/((-2)/(-52)). Let z = g + 99. What is the tens digit of z?
7
What is the tens digit of (4 - 7 - -272) + 4?
7
Let g be 54/72 - 1262/8. Let s = -64 - g. What is the tens digit of s?
9
Suppose 0 = 3*n + 432 - 7485. What is the hundreds digit of n?
3
Let k = 771 + -378. What is the tens digit of k?
9
Let q be (-29 - -26)*(58/2 - 0). Let p = q - -134. What is the units digit of p?
7
Let v be (-26)/(-156) + 2/(24/(-14)). What is the units digit of (-546)/(-14) + (-2)/v?
1
L